{"id":69,"date":"2026-05-03T19:01:43","date_gmt":"2026-05-03T17:01:43","guid":{"rendered":"https:\/\/www.daitoryu.dk\/?page_id=69"},"modified":"2026-05-04T04:13:58","modified_gmt":"2026-05-04T02:13:58","slug":"dojo","status":"publish","type":"page","link":"https:\/\/www.daitoryu.dk\/index.php\/dojo\/","title":{"rendered":"Dojo"},"content":{"rendered":"\n<h2 class=\"wp-block-heading\">Odense Dojo (Honbu)<\/h2>\n\n\n\n<p><strong>Tr\u00e6ningstider:<\/strong><br>Tirsdag 19:00-20:30<br>S\u00f8ndag 16:00-17:30<\/p>\n\n\n\n<p><strong>Adresse:<\/strong><br>Provsteg\u00e5rdskolens gymnastiksal, Middelfartvej 180, 5200 Odense V.<br>Vi har separate omkl\u00e6dningsrum til kvinder og m\u00e6nd, med bad og toilet.<br>Der er gode parkeringsforhold.<\/p>\n\n\n<div><iframe src=\"https:\/\/www.google.com\/maps\/embed?pb=!1m18!1m12!1m3!1d1133.0102190267567!2d10.339235046220322!3d55.39254912866486!2m3!1f0!2f0!3f0!3m2!1i1024!2i768!4f13.1!3m3!1m2!1s0x0%3A0x3fdad5253904eba4!2zNTXCsDIzJzMyLjkiTiAxMMKwMjAnMjguMyJF!5e0!3m2!1sda!2sdk!4v1667839338905!5m2!1sda!2sdk\" width=\"95%\" height=\"450\" style=\"border:0;\" allowfullscreen=\"\" loading=\"lazy\" referrerpolicy=\"no-referrer-when-downgrade\"><\/iframe><\/div>\n\n\n<h2 class=\"wp-block-heading\">Aarhus Dojo<\/h2>\n\n\n\n<p><strong>Tr\u00e6ningstider:<\/strong><br>Mandag 19:30-21:00<br>Onsdag 19:30-21:00<\/p>\n\n\n\n<p><strong>Adresse:<\/strong><br>M\u00f8llevangskolen<br>M\u00f8llevangs Alle 20<br>8210 Aarhus V<\/p>\n\n\n\n<p>Hallerne tilg\u00e5s fra g\u00e5rden som vender ud mod sportspladsen og Handelsh\u00f8jskolen. Ved siden af oversigten over tr\u00e6ningstiderne ses de respektive haller der tr\u00e6nes i.<\/p>\n\n\n\n<p>Der er parkeringsmuligheder (husk at stil P-skiven)!<\/p>\n\n\n\n<div class=\"wp-block-buttons is-layout-flex wp-block-buttons-is-layout-flex\">\n<div class=\"wp-block-button is-style-outline is-style-outline--1\"><a class=\"wp-block-button__link wp-element-button\" href=\"https:\/\/kenikan.dk\/daito-ryu\/\" target=\"_blank\" rel=\"noreferrer noopener\">L\u00e6s mere her<\/a><\/div>\n<\/div>\n\n\n\n<p><\/p>\n","protected":false},"excerpt":{"rendered":"<p>Odense Dojo (Honbu) Tr\u00e6ningstider:Tirsdag 19:00-20:30S\u00f8ndag 16:00-17:30 Adresse:Provsteg\u00e5rdskolens gymnastiksal, Middelfartvej 180, 5200 Odense V.Vi har separate omkl\u00e6dningsrum til kvinder og m\u00e6nd, med bad og toilet.Der er gode parkeringsforhold. Aarhus Dojo Tr\u00e6ningstider:Mandag 19:30-21:00Onsdag 19:30-21:00 Adresse:M\u00f8llevangskolenM\u00f8llevangs Alle 208210 Aarhus V Hallerne tilg\u00e5s fra g\u00e5rden som vender ud mod sportspladsen og Handelsh\u00f8jskolen. Ved siden af oversigten over tr\u00e6ningstiderne ses [&hellip;]<\/p>\n","protected":false},"author":1,"featured_media":0,"parent":0,"menu_order":0,"comment_status":"closed","ping_status":"closed","template":"","meta":{"footnotes":""},"class_list":["post-69","page","type-page","status-publish","hentry"],"_links":{"self":[{"href":"https:\/\/www.daitoryu.dk\/index.php\/wp-json\/wp\/v2\/pages\/69","targetHints":{"allow":["GET"]}}],"collection":[{"href":"https:\/\/www.daitoryu.dk\/index.php\/wp-json\/wp\/v2\/pages"}],"about":[{"href":"https:\/\/www.daitoryu.dk\/index.php\/wp-json\/wp\/v2\/types\/page"}],"author":[{"embeddable":true,"href":"https:\/\/www.daitoryu.dk\/index.php\/wp-json\/wp\/v2\/users\/1"}],"replies":[{"embeddable":true,"href":"https:\/\/www.daitoryu.dk\/index.php\/wp-json\/wp\/v2\/comments?post=69"}],"version-history":[{"count":4,"href":"https:\/\/www.daitoryu.dk\/index.php\/wp-json\/wp\/v2\/pages\/69\/revisions"}],"predecessor-version":[{"id":129,"href":"https:\/\/www.daitoryu.dk\/index.php\/wp-json\/wp\/v2\/pages\/69\/revisions\/129"}],"wp:attachment":[{"href":"https:\/\/www.daitoryu.dk\/index.php\/wp-json\/wp\/v2\/media?parent=69"}],"curies":[{"name":"wp","href":"https:\/\/api.w.org\/{rel}","templated":true}]}}